109658?
2, 3, 11, 13, 193601
List the prime factors of 23621122.
2, 7, 59, 28597
List the prime factors of 19469782.
2, 1861, 5231
What are the prime factors of 239103481?
8191, 29191
List the prime factors of 177349877.
29, 6115513
What are the prime factors of 24645007?
24645007
What are the prime factors of 389301647?
7, 59, 421, 2239
List the prime factors of 3103966218.
2, 3, 67, 1663, 4643
What are the prime factors of 1716134091?
3, 7, 1907, 42853
List the prime factors of 105047104.
2, 1641361
What are the prime factors of 203387637?
3, 67795879
What are the prime factors of 36028710?
2, 3, 5, 97, 4127
What are the prime factors of 49966804?
2, 12491701
List the prime factors of 4619541973.
23, 31, 6479021
What are the prime factors of 61739654?
2, 30869827
What are the prime factors of 1578691043?
17, 23, 4037573
List the prime factors of 229316355.
3, 5, 5095919
List the prime factors of 77806411.
7937, 9803
List the prime factors of 434275477.
434275477
What are the prime factors of 714249103?
59, 12105917
What are the prime factors of 1275919337?
7, 11, 16570381
What are the prime factors of 327395193?
3, 109131731
List the prime factors of 374929300.
2, 5, 3749293
What are the prime factors of 25968984?
2, 3, 313, 3457
List the prime factors of 29480343.
3, 19, 163, 167
What are the prime factors of 6038498982?
2, 3, 23, 2411, 18149
List the prime factors of 1650004541.
1019, 1619239
List the prime factors of 1676465504.
2, 7, 691, 10831
List the prime factors of 54398865.
3, 5, 307, 11813
What are the prime factors of 18689663?
2333, 8011
What are the prime factors of 113385605?
5, 22677121
What are the prime factors of 2171299458?
2, 3, 31, 11673653
List the prime factors of 37286496.
2, 3, 13, 23, 433
What are the prime factors of 49405050?
2, 3, 5, 109789
What are the prime factors of 27491978?
2, 31, 443419
List the prime factors of 2936875171.
17, 172757363
What are the prime factors of 158365930?
2, 5, 173, 91541
What are the prime factors of 371637076?
2, 92909269
List the prime factors of 83533452.
2, 3, 6961121
What are the prime factors of 45537590?
2, 5, 7, 650537
What are the prime factors of 841055135?
5, 168211027
What are the prime factors of 402571256?
2, 2213, 22739
What are the prime factors of 197847164?
2, 29, 1705579
List the prime factors of 177385169.
13, 13645013
List the prime factors of 190829718.
2, 3, 59, 179689
List the prime factors of 3413065529.
3413065529
What are the prime factors of 7761462022?
2, 3880731011
List the prime factors of 1011506604.
2, 3, 23, 3664879
List the prime factors of 1656859731.
3, 151, 3657527
List the prime factors of 15349096.
2, 7, 17, 23, 701
What are the prime factors of 1336947333?
3, 445649111
What are the prime factors of 60897238?
2, 23, 67, 19759
What are the prime factors of 111758699?
13, 8596823
List the prime factors of 1106180553.
3, 29, 397, 32027
List the prime factors of 4177399069.
17, 457, 547, 983
List the prime factors of 575247853.
17, 599, 3323
List the prime factors of 44036576.
2, 181, 7603
List the prime factors of 273925905.
3, 5, 11, 1069, 1553
List the prime factors of 597606802.
2, 13, 22984877
What are the prime factors of 106309603?
106309603
What are the prime factors of 4941660646?
2, 13, 1621, 117251
What are the prime factors of 742026558?
2, 3, 7, 13, 1359023
List the prime factors of 2146440573.
3, 263, 302273
List the prime factors of 65461797.
3, 2424511
List the prime factors of 1047772468.
2, 261943117
What are the prime factors of 6249326442?
2, 3, 19, 79, 131, 5297
What are the prime factors of 147958903?
147958903
What are the prime factors of 71776933?
43, 1669231
List the prime factors of 8250416.
2, 515651
List the prime factors of 4317011.
67, 64433
What are the prime factors of 39199832?
2, 7, 43, 73, 223
What are the prime factors of 250509798?
2, 3, 7, 11, 61, 2963
What are the prime factors of 1283967649?
1549, 828901
List the prime factors of 29380928.
2, 41, 11197
List the prime factors of 23922346.
2, 7, 23, 74293
List the prime factors of 3162756289.
7, 11, 23, 47, 37997
List the prime factors of 59570912.
2, 1861591
What are the prime factors of 2372428285?
5, 17, 27910921
What are the prime factors of 641540147?
907, 707321
What are the prime factors of 1189413963?
3, 211, 69593
List the prime factors of 6715566333.
3, 7, 523, 67939
List the prime factors of 82197734.
2, 167, 431, 571
List the prime factors of 932754398.
2, 313, 877, 1699
List the prime factors of 375261134.
2, 19, 9875293
What are the prime factors of 12444708?
2, 3, 1037059
List the prime factors of 545040952.
2, 47, 1449577
What are the prime factors of 2974546791?
3, 29, 937, 12163
List the prime factors of 97966876.
2, 7, 41, 73, 167
List the prime factors of 3382893.
3, 19, 73, 271
List the prime factors of 352527700.
2, 5, 7, 503611
What are the prime factors of 3842450451?
3, 7, 61, 109, 9173
What are the prime factors of 36832814?
2, 18416407
What are the prime factors of 111381236?
2, 27845309
List the prime factors of 640114877.
31, 139, 149, 997
What are the prime factors of 56412933?
3, 1579, 11909
List the prime factors of 343626801.
3, 7, 16363181
What are the prime factors of 305024983?
89, 151, 22697
What are the prime factors of 327693654?
2, 3, 1307, 4643
What are the prime factors of 5133644760?
2, 3, 5, 42780373
What are the prime factors of 26172482?
2, 7, 23, 81281
What are the prime factors of 38401354?
2, 109, 176153
List the prime factors of 317385005.
5, 7, 107, 12107
List the prime factors of 3042016051.
467, 6513953
What are the prime factors of 1413594526?
2, 706797263
List the prime factors of 16010467.
11, 1033, 1409
What are the prime factors of 2620025242?
2, 29, 2179, 20731
What are the prime factors of 92344371?
3, 7, 628193
List the prime factors of 5449380214.
2, 71, 38375917
What are the prime factors of 31315386?
2, 3, 643, 8117
List the prime factors of 2837780872.
2, 19, 43, 509, 853
What are the prime factors of 102602208?
2, 3, 17, 62869
What are the prime factors of 1539100929?
3, 513033643
List the prime factors of 103058939.
9803, 10513
What are the prime factors of 669725393?
669725393
List the prime factors of 80802296.
2, 10100287
What are the prime factors of 3763980692?
2, 31, 30354683
List the prime factors of 68242142.
2, 641, 53231
What are the prime factors of 1244522902?
2, 7, 173, 513841
What are the prime factors of 109284004?
2, 433, 63097
What are the prime factors of 583084?
2, 145771
What are the prime factors of 4170953914?
2, 2085476957
What are the prime factors of 219599307?
3, 24399923
What are the prime factors of 133670461?
133670461
What are the prime factors of 10109139?
3, 29, 131, 887
List the prime factors of 3560004463.
33493, 106291
List the prime factors of 114059350.
2, 5, 137, 16651
What are the prime factors of 993357229?
10433, 95213
What are the prime factors of 287894649?
3, 7, 127, 2203
List the prime factors of 79366807.
13, 1291, 4729
What are the prime factors of 4144154662?
2, 6841, 302891
What are the prime factors of 98239304?
2, 977, 12569
What are the prime factors of 250068788?
2, 23, 2718139
List the prime factors of 30793153.
30793153
List the prime factors of 6274394935.
5, 17, 107, 689873
List the prime factors of 73767069.
3, 149, 55009
What are the prime factors of 607769255?
5, 6427, 18913
What are the prime factors of 2880152982?
2, 3, 7, 443, 51599
List the prime factors of 3976245748.
2, 19, 52319023
List the prime factors of 62378908.
2, 15594727
List the prime factors of 149396895.
3, 5, 3319931
List the prime factors of 2148599619.
3, 43, 5551937
List the prime factors of 275741599.
7, 29, 1358333
List the prime factors of 107242635.
3, 5, 7149509
What are the prime factors of 2325658485?
3, 5, 79, 1962581
What are the prime factors of 53555966?
2, 3299, 8117
List the prime factors of 292586949.
3, 17, 1021, 1873
List the prime factors of 359033077.
13, 53, 439, 1187
What are the prime factors of 522519461?
11633, 44917
What are the prime factors of 55405198?
2, 47, 647, 911
List the prime factors of 11763783.
3, 1307087
List the prime factors of 29793631.
7, 4256233
List the prime factors of 7057482.
2, 3, 17, 69191
What are the prime f